**3 - 2*p**2 - p + 78. What is the tens digit of h(l)?
7
Let n = 188 - 216. Suppose -19 = -2*l - 5*m, 3*l + 0*m - 3*m + 3 = 0. What is the hundreds digit of -3 + (-7)/(n/440) - l?
1
Let c(i) = -857*i + 618. What is the ten thousands digit of c(-13)?
1
Let v = 16731 - 284. What is the thousands digit of v?
6
Let j(p) = -p**2 - p + 15. Let g be j(-4). Suppose -g*f - 4*h + 430 = 0, -12*f = -9*f - 5*h - 394. What is the units digit of f?
8
Let f = -73 - -78. Suppose -2*u = -f*r - 609, u - 2*r + 300 = 2*u. Suppose 4*j - u = 5*x - 3*x, -j + 5*x = -53. What is the units digit of j?
8
Suppose 3*c - 16 = -4*i + 6, i + 4 = 4*c. Suppose 2*s - i*k - 18 = 0, -5*s + 17 + 18 = -5*k. Suppose s*m = -6*m + 297. What is the tens digit of m?
2
Suppose -123*y = -109*y - 5180. What is the units digit of y?
0
Suppose 7*f = 8*f - 1664. Suppose 4*d = 4*i + f, 832 = 2*d - 4*i + 9*i. What is the units digit of d?
6
Let i(a) = -4*a**2 - a + 1. Let y be i(1). Suppose -1647 - 3185 = 32*n. What is the units digit of -3 + n/8*2*y?
8
Let o(u) = -u**3 + 18*u**2 - 3*u + 42. Let b be o(18). What is the hundreds digit of ((-3440)/b + 0)*(-6)/(-4)?
4
Suppose -o = -3*v + 4021, -3*v + 6*o = 9*o - 4005. Let c = 2201 - v. What is the units digit of c?
2
Let t(f) = 2*f - 47. Let d be t(20). What is the units digit of 2817/12*4 + d?
2
Suppose -551*g = -4308952 - 3131694 - 2124714. What is the ten thousands digit of g?
1
Let p = 2198 - -18376. Suppose -5076 - p = -57*i. What is the tens digit of i?
5
Suppose 394 = 32*h + 42. Suppose 10*x = h*x - 462. What is the hundreds digit of x?
4
Let c(s) = 10*s**2 - 3*s**2 - 4 - 6*s**3 + 7*s**3. Let n be c(-7). Let z(u) = 4*u**2 + 6*u - 6. What is the units digit of z(n)?
4
Let d be ((-33)/4)/(18/(-480)). Let p = d + 39. What is the units digit of p?
9
Let t be (-2)/(-5*(-2)/(-195)). What is the hundreds digit of (t/26)/((-3)/(-1792)*2)?
4
Suppose -g - 2*j = -9177, -55*g + 55053 = -49*g + 3*j. What is the thousands digit of g?
9
Let f = -1671 - -980. Let w = 1581 + f. What is the tens digit of w?
9
Let a be ((44 - 44)/(1 + 0))/(-5). Suppose -4*g + 7 = -5*y + 2, 0 = 5*g - 2*y - 19. What is the units digit of (5 + a)/g + 21?
2
Let n(q) = 4*q - 11 + 2*q - 10*q - 1. Let u be n(-4). What is the tens digit of (87 - (6 - 1))*2/u?
4
Suppose -2*s + 189*v - 192*v = -38797, -4*s + v = -77559. What is the thousands digit of s?
9
Let z(b) be the second derivative of 4*b**3/3 + 155*b**2/2 + b + 46. Let n(d) = -d**2 + 10*d - 9. Let y be n(9). What is the units digit of z(y)?
5
What is the thousands digit of 3*3/(-15) - (-16948)/5?
3
Suppose 4*z - 3*w - 4392 = 0, -2*z + 3*w + 2214 = 6*w. Suppose 7*x - z = 4821. What is the tens digit of x?
4
Let r = 27165 - 18729. What is the hundreds digit of r?
4
Let x(q) = -5*q**3 - 7*q**2 + 42*q - 108. What is the tens digit of x(-16)?
0
What is the tens digit of 6*(33279/9 - -5)?
1
Suppose 4*o = -j - 18, -3*o = j + 2*j + 9. Suppose 0 = -j*s + 4*s. Suppose 6*x + 56 = d + x, s = 3*d + 4*x - 244. What is the units digit of d?
6
Let a = 10629 - 5034. What is the tens digit of a?
9
Suppose t + 109125 = 4*h - 87014, 0 = 10*h + 5*t - 490295. What is the tens digit of h?
3
What is the hundreds digit of -12*7/70 - 375172/(-35)?
7
Suppose 0 = 2*v + o + 6234 - 36261, -4*o = -v + 15036. What is the ten thousands digit of v?
1
Suppose 0*u = -u + 4. Suppose 11*s = 10*s + u. What is the tens digit of (7/s)/((-2)/(-48))?
4
Let r(b) = -9*b**3 + 4*b**2 - 2*b - 2. Let z be r(4). What is the hundreds digit of (z/5)/(2/(-5))?
2
Suppose -49*r = -72*r + 641999. What is the tens digit of r?
1
Suppose -5*b = -4*o - 44821, -3*o = 2*b + 7779 - 25712. What is the thousands digit of b?
8
Suppose -3*f = -3*c + 84, 285*c - 4*f = 282*c + 80. Let w = -2 - 9. Let u = c - w. What is the tens digit of u?
4
Suppose 2*s + 22*s = 164136. Suppose 603*c = 596*c + s. What is the units digit of c?
7
Let m = 15517 + -6899. What is the thousands digit of m?
8
Let m = -7 + 17. Let w(u) = u**2 - 8*u - 18. Let d be w(m). Suppose -d*s = -3*j + s + 21, 3*j - 4*s - 21 = 0. What is the units digit of j?
7
Let m(k) = 9*k**2 - 20*k - 14. Suppose -w + 2*b - 100 = -4*w, -4*w = 2*b - 130. Suppose -w*l - 6 = -31*l. What is the units digit of m(l)?
0
Let u(m) = -2668*m - 5146. What is the thousands digit of u(-12)?
6
Let w = 57695 - 4905. What is the thousands digit of w?
2
What is the units digit of (-57660)/(-7) - (-320)/(-280)?
6
Let v = 81 + -72. Suppose -236 - 88 = -v*l. Suppose -15*z + 18*z - l = 0. What is the units digit of z?
2
Suppose n = 4*n - 108. Suppose -4*i + 30 = -3*z, -z = 5*i - 2*z - 21. What is the tens digit of (n/(-24))/(i/(-86))?
4
Let s(g) = 148*g**2 + 12*g + 259. What is the tens digit of s(-8)?
3
Let a(o) = -o**3 - 3*o**2 + 17*o + 10. Suppose -3*w + 5*w = -16. What is the hundreds digit of a(w)?
1
Let m(y) = 3*y**3 - 7*y**2 + 28*y + 128. What is the tens digit of m(9)?
0
Let j(f) = -36*f - 9 + 18*f - 47*f + 5. What is the units digit of j(-13)?
1
Let u(m) = -371*m**3 - 3*m**2 - m - 29. What is the units digit of u(-4)?
1
Let x be 5*46/2 - -2. Let b be (2*74/(-16))/(53/212). Let o = x - b. What is the units digit of o?
4
Suppose -9*r - 7371 = 8100. What is the hundreds digit of r/2*72/(-54)?
1
Let v be -70*(6 - (-270)/(-35)). What is the units digit of 3*(v - (-6)/(-6))?
7
Suppose -324 = i + 2*i. Let l = 288 + i. Let b = 272 - l. What is the tens digit of b?
9
Let y(k) = -36*k**2 + 4*k - 61. Let b(l) = 72*l**2 - 9*l + 123. Let r(p) = 3*b(p) + 5*y(p). What is the tens digit of r(5)?
2
What is the units digit of (1 - (-20297)/7) + (-216)/378?
0
Suppose -10655 = -4*w - 5*v + 15926, v + 26599 = 4*w. What is the thousands digit of w?
6
Let w(c) = -2*c**3 - 7*c**2 + 2*c - 3. Let o be w(-6). Let s = -3100 + 3110. Suppose -o = -s*k + 195. What is the units digit of k?
6
What is the hundreds digit of (30/(-5) + 18)/((-21)/(-14917))?
5
Suppose -6 = -f, -q - f + 4134 + 3263 = 0. What is the thousands digit of q?
7
Let w(b) = 268*b + 859. Let j be w(-3). Suppose p + 3*x + 42 = -x, 3*p = 3*x - 51. What is the units digit of ((-26)/p - 1) + 6535/j?
9
Let z(m) = -12*m**3 + 10*m**2 + 3*m + 13. Let j be z(-6). Suppose -1941 = -4*a + j. Suppose -758 = -10*g + a. What is the tens digit of g?
9
Let m(p) = -3*p**2 + 1 + 2 + 2*p**3 - 4 + 10*p. Suppose 0 = -3*u - 2*w + 17, -11*w - 14 = -5*u - 0*u. What is the tens digit of m(u)?
2
Let r = -17 + 42. Let b be ((-15)/r)/((-1)/5). Suppose -y + 2*c + 27 = 0, b - 7 = c. What is the units digit of y?
9
Let w(s) = -10*s + 120. Let h be w(12). Suppose 0 = -h*d - 16*d + 800. What is the tens digit of d?
5
Let h = -6310 - -14693. What is the thousands digit of h?
8
What is the units digit of (-201974)/(-3) + (-2739)/747?
1
What is the ten thousands digit of 84182/4 + 90/(-50)*(-10)/12?
2
Let h(r) = r - 16. Let z(t) = 8*t + 1. Let m be z(-1). Let l be h(m). Let b = 75 + l. What is the units digit of b?
2
Let x(y) = 89*y + 46. Let d be x(-7). Let v = d - -1014. What is the tens digit of v?
3
Let z be (40/25)/((-2)/(-730)). Suppose -4*x + z = -4. Suppose 0 = -5*a + 3*g + x - 21, -g + 111 = 4*a. What is the tens digit of a?
2
What is the units digit of (-17394 - 12)*(-4)/((-60)/(-35))?
4
Let s = 7482 - -15623. What is the thousands digit of s?
3
Let i(u) = 3*u - 7. Let h be i(0). What is the tens digit of (h + 3)*(78/8)/(-1)?
3
Let k = 99 - 99. Let s be -71 + (1 - k) + 2. What is the units digit of ((-1)/(-4) + -1)*s?
1
Let d = -173 - -173. What is the units digit of (14 + 90)/(d + 2)?
2
Let d = 3629 - 3019. What is the hundreds digit of d?
6
Let z(x) = x**2 - 2*x - 105. Suppose 0 = -5*f - 5*o + 115, -5*o + 59 = 2*f + 4. What is the units digit of z(f)?
5
Suppose 4*m = x + 31227, -116*m = -115*m + x - 7813. What is the hundreds digit of m?
8
Let t = -26459 + 28321. What is the thousands digit of t?
1
Suppose 2*k = -4 + 20. Suppose 0 = m + 3*m - k. Suppose -m*i = -3*u + 558, -2*i = -0*u + 5*u - 930. What is the hundreds digit of u?
1
Let v(d) be the first derivative of -d**3/3 - 12*d**2 + 22*d - 9. What is the hundreds digit of v(-9)?
1
What is the tens digit of -3781*(-132)/55 - (6/(-10) + 0)?
7
Let g = 103 + -74. Let j = 791 - 797. Let v = j + g. What is the units digit of v?
3
What is the ten thousands digit of (3/(-9))/(40/(-2069880))?
1
L